8. Suppose 0 = 3*b - f*b - 135. What are the prime factors of (-32)/(0 + 10/b)?
2, 3
Suppose -110*u + 110407 = -99*u. List the prime factors of u.
10037
Let b = -1167 + 1672. Suppose -37*z + p + 299 = -34*z, -5*z + 3*p = -b. List the prime factors of z.
2, 7
Let n = 50 + -173. Let r = 207 + n. What are the prime factors of r?
2, 3, 7
Suppose 0 = 5931*o - 5951*o + 178780. List the prime factors of o.
7, 1277
Suppose 3*d - 13 = 5. Suppose -3*v - 3*a = -141, 4*v + 0*a + 3*a - 188 = 0. List the prime factors of 2 + v + d/2.
2, 13
Let i(s) = -7*s**2 + 12*s - 59. Let h(q) = -4*q**2 + 6*q - 30. Let a(o) = 5*h(o) - 3*i(o). Let b = 16 + -7. What are the prime factors of a(b)?
2, 3
Suppose 0 = 2*b - o - 36966, -4*b - 25*o + 73928 = -28*o. List the prime factors of b.
5, 3697
List the prime factors of ((-1437)/(-1))/((-4)/(-2))*(-2756)/(-78).
53, 479
Let o be 7/((-14)/300)*(-114)/(-76). Let a = 80 - o. List the prime factors of a.
5, 61
Let j = 25750 + -4753. List the prime factors of j.
3, 2333
List the prime factors of (-1 - -5)*(1017740/80 + 31).
29, 1759
Let s(a) = 8*a**2 + 515*a - 447. What are the prime factors of s(-106)?
3, 11617
Let o be (-4)/40 + 14223/30. Suppose 0 = -9*z + o + 4422. List the prime factors of z.
2, 17
What are the prime factors of (-4)/16 - 170907/(-12) - (7 + -2)?
23, 619
Let r(d) = -d**2 + 10*d - 5. Let t be 10 + 2 + (-15)/5. Let v be r(t). Suppose -123 = -v*z + 69. List the prime factors of z.
2, 3
Let p(n) = -2*n**2 - 38*n - 3. Let q be (18/15)/(2/(-20)). Let t be (12/(-5))/(q/(-80)). List the prime factors of p(t).
3, 31
Let f = 14541 + -11596. List the prime factors of f.
5, 19, 31
Let g(z) = 91*z - 104. Let k be g(29). Suppose 10*r + k = 15*r. List the prime factors of r.
3, 13
Suppose 787*g = 1572*g - 777*g - 2040. List the prime factors of g.
3, 5, 17
Let h(s) = -3*s**2 + 4*s + 6. Let t be h(5). Let q = t + 36. Let v = -7 - q. What are the prime factors of v?
2, 3
Suppose 155194 = 83*c - 178881. List the prime factors of c.
5, 7, 23
Let m(z) be the first derivative of 71*z**5/60 - z**3/6 + 3*z**2 + 15. Let j(v) be the second derivative of m(v). What are the prime factors of j(-1)?
2, 5, 7
Let c be (-10 - -8)/((2/60)/(-1)). Let q = -56 + c. Suppose h - 144 = 4*k, q*h - 636 = -k - 3*k. List the prime factors of h.
2, 3, 13
Let o = -65603 - -96806. List the prime factors of o.
3, 3467
Let g(k) = -54*k - 43. Let s(h) = 110*h + 85. Let x(n) = -5*g(n) - 3*s(n). What are the prime factors of x(-8)?
2, 5, 11
Suppose 2*h - 25 = -3*h - 5*z, -3*z = -5*h + 1. Suppose j = b - 8, 2*j + 24 = h*b + 2*b. Suppose b*y = y + 540. What are the prime factors of y?
2, 3, 5
Suppose 37*w = 44*w - 3143. Let x = -210 + w. What are the prime factors of x?
239
Suppose -62000 = -170*t + 145*t. What are the prime factors of t?
2, 5, 31
Suppose 3*q - 53710 = -s, 161169 = -3417*s + 3420*s - 4*q. List the prime factors of s.
53719
Let l be (-2)/(-1) - (22 + -7). Let r(y) = y**3 + 21*y**2 + 11*y - 70. What are the prime factors of r(l)?
17, 67
What are the prime factors of (-45)/150 - (-4971153)/110?
2, 3, 7, 269
Let n = 27 + -18. Suppose -5*l + 4 = 4*y, 5*l - 16 = y - 2*y. Suppose -l*a = -n*a + 505. List the prime factors of a.
101
Let y = -35216 + 75854. List the prime factors of y.
2, 3, 13, 521
Let u be (64/3)/2*3. Let w(r) = u*r + 11 - 5 + 5 + 6. What are the prime factors of w(6)?
11, 19
Suppose 1321*h - 1234*h = 990234. List the prime factors of h.
2, 3, 7, 271
Suppose -32*q - 26*q + 9016 = 34*q. Suppose 0 = -3*z - 4*o - 244, 2*o - 344 = 4*z - 2*o. Let c = q - z. List the prime factors of c.
2, 7, 13
Let f(p) = 11*p - 8. Suppose 3*y - 12 = -5*o + 11, 4*y - o = 0. Let q be f(y). What are the prime factors of 139 + -8 + q*1?
2, 67
Let y be (-2*(-458)/(-8))/(60/(-120)). Suppose 0 = -p + y + 43. List the prime factors of p.
2, 17
Let q(x) = -3*x**3 - 24*x**2 + 264*x - 97. What are the prime factors of q(-26)?
31, 953
Let p be (-9)/27 + (-2)/12*-2. Suppose p*w + 4*a = -5*w + 1050, -a + 417 = 2*w. What are the prime factors of w?
2, 103
Suppose 24*i + 223040 = 104*i. List the prime factors of i.
2, 17, 41
Suppose 9*j + 700 = -2945. Let h = -155 - j. What are the prime factors of h?
2, 5
Suppose 36*c - 407281 = 82590 + 252449. List the prime factors of c.
2, 5, 1031
Suppose 15*d - 19*d + 5*h + 72743 = 0, -3*h - 36371 = -2*d. List the prime factors of d.
13, 1399
Let j = 51509 + -29487. Suppose 38*t - j = 12*t. List the prime factors of t.
7, 11
Let w(g) = 193*g**3 - 2*g**2 + 9*g - 8. Let o be w(1). Let c = o + 3. List the prime factors of c.
3, 5, 13
Suppose 0 = -17*m - 112 + 42153. Let b = 4274 - m. List the prime factors of b.
1801
Let i(r) = r**3 - 2*r**2 + 23. Let s be i(0). Suppose -5*t - 27 - s = 0. Let d = t + 56. What are the prime factors of d?
2, 23
Suppose 0 = -4*q + 22*d - 26*d + 3152, -q - 3*d + 786 = 0. What are the prime factors of q?
3, 263
Suppose 172*k - 391036 = 56*k. List the prime factors of k.
3371
Suppose 15 = o + 9. Let w(j) = 93*j - 49. List the prime factors of w(o).
509
Let f(p) = -p**3 - 14*p**2 + 25*p + 38. Let o be f(-17). Suppose 5*s - 5*u = o, -3*u = 5*s - u - 480. List the prime factors of s.
2, 3
Let z be 30/120 - (-2 - 14/8). Suppose 0 = -5*m - 4*n + 1423, -2*m - z*n = -490 - 84. What are the prime factors of m?
283
Suppose 84 - 6 = 6*c. Suppose -c*s + 2080 = -3*s. Let k = s + -115. List the prime factors of k.
3, 31
Let x be -12*3/(-21) + (-2)/(-7). Let i be 15*(0 - ((-8)/12)/x). Suppose i*m - o - 607 = 0, 0 = 5*m + 4*o - 905 + 308. List the prime factors of m.
11
Suppose 7*g - 650 + 636 = 0. Suppose -9*h + 5*h = -g*b + 2052, 0 = -2*b - 5*h + 2025. What are the prime factors of b?
2, 3, 5, 17
Suppose 0 = -4*d - 4*l, -2*l + 8 - 22 = -5*d. Suppose -p = 3*m - 325, 683 = 4*p + d*m - 607. What are the prime factors of p?
2, 7, 23
Suppose -39384 = -4*z + g, -4*g = -z + 5983 + 3863. What are the prime factors of z?
2, 3, 547
List the prime factors of (-51592)/16*((-189)/105 - 1/5).
6449
Let i(y) = y**3 - 7*y**2 - 7*y - 9. Let l = -20 + 28. Let w be i(l). What are the prime factors of (6/9)/(-4*w/462)?
7, 11
Suppose -3*x - 5*p = -0*x - 17037, 2*p = -x + 5677. List the prime factors of x.
5689
Let v = 719 + -630. Suppose 1372 = v*o - 87*o. List the prime factors of o.
2, 7
Suppose -z - 1 = d, -2*z + 0*z = -2. Let p be 1/((-8595)/(-4295) + d). Suppose 213 = x - 2*k, -4*x - 5*k + p = -6*k. What are the prime factors of x?
5, 43
Suppose 9*v - 35 = 4*v. Let w be 4/v + 3 - (-4)/(-7). Suppose f - 2 = 0, -r - w*f + 94 = 2*f. List the prime factors of r.
2, 3, 7
Suppose -2*a = -37*a + 325045. List the prime factors of a.
37, 251
Let r(v) = -6*v + 22*v - 5*v - 12*v - 13. Let z be r(-11). List the prime factors of -244*(-5)/(-20)*z.
2, 61
Suppose -2*r + 35*l - 33*l = -976, -4*l = -3*r + 1468. Suppose 0 = 5*k - 25, 11*h + 2*k = 10*h + r. List the prime factors of h.
2, 3, 79
Let z(u) = u**3 - 8*u**2 + 13*u + 2. Suppose -5*l + 15 = 3*y, -5*y = 4*l + l - 5. Let h be z(l). List the prime factors of (0 + -2)*(-332)/h.
83
What are the prime factors of 2080899/645 + 2/(-10)?
2, 1613
Let s = 27 + -26. Let b be 6*4/12 - s*105. Let f = -87 - b. What are the prime factors of f?
2
Let n = 690 + -598. Suppose 87*s - n*s = -3395. What are the prime factors of s?
7, 97
Let l be (2 + -7)*2 + 0. Let h be 73 - (1 - 4 - 3). Let i = h - l. List the prime factors of i.
89
Suppose 26*y - 7517 = 17937. What are the prime factors of y?
11, 89
Suppose 0 = 11*s - 8*s. Suppose s = 5*f - 1 - 14. Suppose 37 + 71 = f*p. List the prime factors of p.
2, 3
Let u = -941 + 943. Suppose 15*h - 13*h = -2*b + 2934, -u*b = 5*h - 7341. What are the prime factors of h?
13, 113
Let y(p) = p**2 - 21. Let w be y(-5). Suppose 6 = l + 4*h, 0 = w*l - 0*h + 3*h - 11. Let g(q) = 16*q**3 - 2*q + 3. List the prime factors of g(l).
127
Let n(m) = 8*m + 7. Let i(c) = c + 22. Let k be i(-4). Suppose 5*u + k = d, -5*d - 5*u + 57 = -3. What are the prime factors of n(d)?
3, 37
Let w be 2*1 - (4 + -8). What are the prime factors of -4 + (-3 - w)/(-3) - -353?
2, 11
Let z(q) = 4*q**2 - q + 5. Let u be z(-4). Suppose -6*b - u = -319. What are the prime factors of b?
41
List the prime factors of ((-1050)/1400)/((-6)/16) - (-5337 - 0).
19, 281
Let z(h) be the second derivative of -5*h**4/24 